ose 0 = 5*o + z + 27, 0*o + 2*z = o + 12. Let b be (-5)/(-1)*o/(-10). Determine t(b).
7
Let u be (0 + -1 + 0)*-3. Let b(m) = -3*m + 2. Let g be b(-1). Let t(q) = 6*q - g + 0*q - u*q. Give t(4).
7
Let c be (-8)/(16/(-6) - -2). Suppose -4*i - c = -i. Let d(r) = 2*r + r**3 + 2 + 7*r + 5*r**2 - 6*r. Determine d(i).
6
Let r(s) = -s**2 - 2*s - 4. Let f(o) = o**2 + o + 3. Let m(g) = 4*f(g) + 3*r(g). Suppose -121 = 5*b - 4*a + 99, 2*a = -10. Let j be (-1)/5 - b/15. Give m(j).
3
Let w be (-2 - -5)/((-2)/(-2)). Let m(z) be the third derivative of -z**6/120 + z**5/30 + z**4/8 + z**3/3 + z**2. Determine m(w).
2
Let h(v) = -v + 2. Let t be (-30)/(-9)*6/(-4). Determine h(t).
7
Let j(b) = 5*b**2 + 3 - 3*b**2 - 1 + 7*b - b**2. Calculate j(-6).
-4
Suppose 3*q = 5*z + 6*q + 81, 5*q = -z - 25. Let h be 2/6 - z/9. Let g(a) = -h*a + 6*a - 2*a - 2. Calculate g(4).
6
Let h(k) be the third derivative of -k**5/60 + k**4/4 + 4*k**3/3 - 30*k**2. Let r = -1 - -7. Calculate h(r).
8
Let i(f) be the third derivative of f**6/120 - f**5/12 + f**4/6 - f**3/6 - 22*f**2. Determine i(3).
-7
Let h(x) = 4. Let g(y) = -3 + y - 6 - 4. Let j(o) = -3*g(o) - 8*h(o). What is j(5)?
-8
Let x(y) = 46*y - y**3 - 46*y. Suppose -2*i = -4*i. Suppose 5*l - 4*w + 0 + 21 = i, -3*l + 4*w = 19. Calculate x(l).
1
Let m = 271/182 + 1/91. Let r(f) be the second derivative of 1/12*f**4 - 4*f + f**3 + 0 + m*f**2. Calculate r(-5).
-2
Let u be 2/17 - (-66)/17. Let a(b) = 2 + 1 + b - 2*b. Give a(u).
-1
Let b(t) be the first derivative of t**2 - 7*t - 4. Give b(5).
3
Let p be (-4)/(-10) - 219/(-15). Let u be (20/p)/(2/(-9)). Let b(s) = s**2 + 7*s + 7. What is b(u)?
1
Let k(y) = -y**3 + 2*y + 2. Let q(r) = -r**2 - 12 + 10 - 2*r - 6*r. Suppose -t + 5*h - 2*h = 14, 0 = -2*h + 4. Let i be q(t). Give k(i).
6
Let x(l) = l + 8. Let d be x(0). Let i = d + -3. Suppose 4*m - 5*n = 16, 4*n + 11 + i = 0. Let a(k) = -2*k + 1. What is a(m)?
3
Let k(w) be the second derivative of w**7/2520 + w**6/120 + w**5/24 + w**4/12 + 2*w. Let b(l) be the third derivative of k(l). Let z be 25/15*9/(-3). Give b(z).
0
Let m(x) = -4*x + 3 + 0*x + 3*x. Let v(n) = -n**2 - 11*n - 7. Let r be v(-10). Determine m(r).
0
Suppose 5*g + 2 = -4*o - 19, 0 = -4*g + 4*o + 12. Let s(f) be the second derivative of -7*f**3/6 - 2*f. Give s(g).
7
Let d(v) = -2*v - 7. Let f = 0 + -6. Determine d(f).
5
Let d(s) = -7*s - 4*s + 6 + 17*s - 7*s. Determine d(0).
6
Let c = -2 - -5. Let m(w) = 0 + 0*w**2 + 369*w**3 - 370*w**c + 6 - w**2. Determine m(0).
6
Let v(r) = -r**3 + 8*r**2 + r - 5. Let y be v(8). Let l(f) = f**3 - 3*f**2 - 1. Give l(y).
-1
Let s(o) = o**2 + o + 6*o + 1 - 2*o + 0*o. Suppose 5*w = -2*q - 50, 3*w = 4*q + w + 100. Let j be 2/10 + 130/q. Determine s(j).
1
Let h(d) = 2*d - 8. Let f be h(6). Let t(k) = k**3 - 7*k**2 + 7*k - 3. Let c be t(6). Let w(l) = -3 + c*l + 5 - f*l. Calculate w(3).
-1
Let c(k) be the third derivative of -k**7/120 + k**6/180 - k**5/120 + k**3/6 + 2*k**2. Let v(j) be the first derivative of c(j). Determine v(1).
-6
Let f(w) = -8*w - 21 + w**2 + w**2 + 13 - 3*w**2. Calculate f(-6).
4
Let f = -15 + 12. Let g(k) = 2*k - 1. What is g(f)?
-7
Let z(u) = -u**3 - 5*u**2 + 5*u - 4. Let v be z(-6). Let t(b) = 6 + 0 - 4 - v*b - 5. Let k(h) = 2*h + 7. Let a be k(-5). Give t(a).
3
Let o(w) be the second derivative of w**4/6 + w**3/3 + w**2/2 + 2*w. Suppose -55*g = -57*g - 2. Calculate o(g).
1
Let u be (-2 - -3)/((-1)/(-2)). Let i(m) = 1 + 3*m**u + 6 - 4*m**2 - m - 3*m. What is i(-6)?
-5
Let k(h) = 3*h + 6 - 5 + 0*h - 2*h. What is k(-2)?
-1
Let x(t) = 3*t + 9. Let k(m) = -m - 1. Let f(w) = 6*k(w) + x(w). Determine f(3).
-6
Let t(x) = x + 14. Let k(a) = -2*a + 20. Let h be k(10). Calculate t(h).
14
Let v be 2/(-3) + (-24)/18. Let a be (v/3)/((-6)/9). Let o(w) = 6*w**3 + w - 1. What is o(a)?
6
Let v(w) = -3*w + 2. Let k(p) = p. Let d(g) = -8*g + 3. Let f(h) = d(h) + 4*k(h). Let i(r) = -4*f(r) + 5*v(r). What is i(-5)?
-7
Let c be 26/(-5) + (42/(-15) - -3). Let d(x) = -x**3 - 6*x**2 - 5*x - 2. What is d(c)?
-2
Let n(a) = a**3 + 7*a**2 + 8*a + 6. Let o(p) = -p - 1. Let b be o(5). What is n(b)?
-6
Let q(d) = d**2 - 4 + 29*d - 29*d + 2*d**3 - 3*d**3. Let c be q(0). Let n(w) = -w**2 - w + 3. Calculate n(c).
-9
Suppose 4*h + 10*h - 56 = 0. Let y(p) be the third derivative of -1/60*p**5 + 1/8*p**h + 2*p**2 + 0*p - 1/120*p**6 - 1/2*p**3 + 0. Give y(-3).
6
Suppose k + 2*o - 7 = 0, -3 = -4*k - k - 2*o. Let t(g) = -4*g**2 + g + 1. Give t(k).
-4
Let g(z) = -3*z + 4. Let o(y) = -7*y + 8. Let s(c) = 5*g(c) - 2*o(c). Give s(-4).
8
Let i(r) be the first derivative of -r**3/3 - 7*r**2/2 - 3*r + 5. What is i(-6)?
3
Let a(j) = -j**3 - j**2 + 4*j. Let r be a(-3). Let d(g) = g**2 - 7*g + 11. Let o(b) = 1. Let q(c) = d(c) - 5*o(c). Determine q(r).
0
Let t(a) = -6*a + 5*a - 4 + 2. Let f be t(3). Let q(u) = -u**2 - 6*u - 5. Let b(s) = 2*s**2 + 12*s + 9. Let x(o) = f*q(o) - 3*b(o). Give x(-6).
-2
Let x(r) be the second derivative of -r**4/24 - r**3/3 + r**2 + 4*r. Let d(b) be the first derivative of x(b). Calculate d(-6).
4
Let x be 8/(2*(-1)/1). Let o(a) = a**2 + 3*a - 4. Calculate o(x).
0
Suppose 3*t + 3 + 3 = 0. Let g be 228/(-54) - t/9. Let o be (-8)/(-32) - 3/g. Let w(j) = -j**3 + 2*j**2 - 2*j + 1. Determine w(o).
0
Let n(y) be the first derivative of y**4/4 + 7*y**3/3 + 3*y**2 - 6*y - 2. Give n(-6).
-6
Suppose q - 18 = 3*l, -2*q - l + 26 = 3*q. Let s(c) = -2*c**2 + 21*c - 3. Let k(i) = -i**2 + 11*i - 1. Let r(w) = q*s(w) - 11*k(w). Give r(5).
-7
Let b(w) = -w**2 + 2*w + 3. Let l = 15 + -11. Suppose -5*a - 12 = -l*j, -4 = j + 2*a - 5*a. Suppose j = 5*k - s - 8, 4*k + 3*s - 28 = 0. Determine b(k).
-5
Let z(p) = -3 - 8*p + 3*p - 1 - p**2. Let u(c) = -c**2 - c - 1. Let r(v) = -4*u(v) + z(v). Determine r(2).
10
Let t(r) be the third derivative of -r**4/12 + r**3/3 - r**2. Let k(c) = c**2 - c + 1. Let n be k(4). Let m = n - 11. Calculate t(m).
-2
Let m(p) be the second derivative of p**4/12 + p**3/3 - 7*p. Calculate m(-3).
3
Suppose 4 = u - 5*i + 8, -5*u = i - 6. Let j(q) be the first derivative of u - q + 0*q**2 - 5/2*q**4 + 0*q**3. Determine j(-1).
9
Let t be 2/1 + 1/((-4)/6). Let q(r) be the first derivative of -r - t*r**2 - 2. What is q(-2)?
1
Let n(d) = -d**3 + 3*d**2 - d - 1. Suppose -3*k - 5*f - 6 = -2*f, 2*k - 21 = 3*f. Determine n(k).
-4
Let o(i) = 2*i**3 + 3*i**2 + i + 1. Let x(w) = -4*w**2 - 2*w - 1. Suppose -1 = 2*t - t. Let j be x(t). Let f be (10/(-15))/((-1)/j). What is o(f)?
-5
Let n(q) = -4*q - 1. Let b be (6 + -9)/(2/(-4)). Let f = 4 - b. What is n(f)?
7
Let f(l) = -2*l + l + 0*l**2 + 0*l**2 + l**2. Let u(i) = 3*i**2 + 4*i + 1. Let w(h) = -2*f(h) + u(h). Calculate w(-5).
-4
Let t(x) = -x - 4. Suppose o - 2*o - u = 0, 0 = o - u - 6. Calculate t(o).
-7
Let k(g) = -g**3 - 5*g**2 - 4*g. Let u(f) = -5*f - 4. Let s(w) = -4*w - 4. Let v(z) = -4*s(z) + 3*u(z). Let d be v(-8). What is k(d)?
0
Let t(n) = -n**3 - 5*n**2 - 4*n - 3. Let j be t(-4). Let v(q) = -q**2 + q - 2. Determine v(j).
-14
Let b = -4 - 4. Let k = -9 - b. Let w(s) = 6*s. Calculate w(k).
-6
Let u(k) = -8*k - 1. Let v(f) = -3*f - 1. Let z(h) = 2*u(h) - 5*v(h). What is z(5)?
-2
Suppose -r - k + 1 = 0, -k - 5 = 3*r - 0*k. Let u = 3 + -2. Let q(m) = 1 - u - 1 - 2*m + 0*m. Calculate q(r).
5
Let r = -2 + 5. Let u(n) = 2*n**2 + 5. Let l(h) = h**2 + h + 1. Let v(x) = -l(x) + u(x). Calculate v(r).
10
Let h(l) be the third derivative of -l**4/24 - l**3/3 - l**2. What is h(-3)?
1
Let x(p) be the first derivative of 2 + 4*p - 1/2*p**2. Suppose -v = -5*h + 3*h, -4*h - 4*v = 0. Determine x(h).
4
Let s be 8/3*12/8 - 10. Suppose 0*b - 3*j - 9 = 3*b, 3*b = 4*j - 16. Let o(k) = -5*k - 2. Let x(l) = 4*l + 2. Let h(m) = b*x(m) - 3*o(m). Calculate h(s).
4
Let o(h) = h + 1. Let y(l) = l + 2. Let s(f) = -4*o(f) + 5*y(f). What is s(-4)?
2
Let f(d) = -d + 7 - d**3 - 4*d + 2*d**2 + d**2 - 10*d**2. What is f(-6)?
1
Let n(a) = a + 13. Suppose 3*t - 4*o + 36 = -o, -4*t = 5*o + 66. Let q be n(t). Let w(l) = 4*l**3 - 2*l**2 - 2*l - 1. What is w(q)?
-5
Let o(f) = -6*f**3 - f**2 + 1. Let i(j) = -j**2 + 10*j - 1. Let b be 5*(-1 - (4 + -7)). Let a be i(b). Give o(a).
6
Let p(o) = -6*o**3 + o**2 + o. Suppose -5 = -4*s - 17. Let l = s + 2. What is p(l)?
6
Let a(h) = h - 10. Suppose 20 = 4*n + 2*l + 3*l, -2*l = 0. Calculate a(